f 1220317792 and 64?
32
Calculate the greatest common divisor of 844512 and 5244.
228
Calculate the highest common divisor of 4 and 105778474.
2
What is the greatest common factor of 1407 and 191313207?
201
Calculate the greatest common factor of 312 and 54580227.
39
What is the greatest common divisor of 39 and 72484217?
13
What is the greatest common divisor of 184085 and 209?
11
Calculate the highest common divisor of 309159 and 1071.
9
What is the highest common factor of 2925 and 204815?
65
What is the greatest common divisor of 410460 and 9132?
12
What is the greatest common factor of 56 and 1738853536?
56
Calculate the greatest common divisor of 960175878 and 9964.
4982
What is the greatest common factor of 731118 and 32?
2
What is the greatest common factor of 35874114 and 918?
102
What is the greatest common factor of 5704 and 32370913?
713
Calculate the highest common divisor of 39 and 660764949.
39
What is the greatest common factor of 313 and 91566272?
313
Calculate the greatest common factor of 23071464 and 2520.
72
What is the highest common divisor of 531076 and 964?
4
What is the highest common factor of 560669116 and 12712?
6356
What is the highest common divisor of 162 and 7440525?
27
What is the highest common divisor of 3212028 and 63?
9
Calculate the highest common divisor of 69936 and 2464.
16
What is the greatest common factor of 633699 and 55187?
1903
Calculate the greatest common factor of 8850 and 1886466.
354
What is the greatest common factor of 96216 and 1152482?
422
Calculate the highest common factor of 12665170 and 280.
70
What is the highest common factor of 20819847 and 95331?
2217
What is the highest common divisor of 801 and 40109541?
267
Calculate the greatest common factor of 2421 and 165978111.
807
What is the highest common factor of 4025 and 19297?
23
Calculate the highest common factor of 8940 and 4035300.
60
What is the highest common divisor of 30048403 and 1393?
1393
Calculate the greatest common factor of 1491 and 587.
1
What is the highest common divisor of 9894 and 2314380?
102
Calculate the highest common factor of 1541974 and 594944.
1162
What is the highest common divisor of 1411305 and 45?
15
What is the greatest common divisor of 60910083 and 71877?
3783
What is the greatest common factor of 2287168 and 13988?
52
What is the highest common divisor of 54516390 and 1440?
30
What is the greatest common factor of 119 and 519231?
17
Calculate the highest common factor of 109341544 and 115752.
5512
Calculate the highest common factor of 33036 and 2700.
12
What is the greatest common factor of 31022508 and 19104?
2388
What is the highest common factor of 1 and 4128562?
1
Calculate the highest common factor of 67 and 27191481.
67
What is the highest common factor of 2568826 and 3302?
26
What is the greatest common divisor of 2044520 and 21998?
1294
Calculate the highest common factor of 842191350 and 15.
15
Calculate the greatest common factor of 12592665 and 4347.
27
What is the greatest common divisor of 529332391 and 56?
7
What is the greatest common divisor of 17267 and 12710?
31
What is the highest common divisor of 86 and 1371358666?
86
What is the highest common factor of 42902048 and 35?
7
Calculate the highest common factor of 12167164 and 184.
4
What is the greatest common divisor of 38580 and 123658545?
9645
What is the highest common factor of 685 and 238180?
5
What is the greatest common factor of 256 and 7105216?
64
Calculate the highest common divisor of 5933164 and 7241.
557
What is the greatest common divisor of 247828 and 931952?
1484
What is the highest common divisor of 628104120 and 1680?
840
What is the greatest common factor of 1580 and 24827480?
20
Calculate the highest common factor of 148400 and 1066784.
848
Calculate the greatest common divisor of 13 and 4080661.
13
What is the greatest common factor of 833 and 3974447?
17
Calculate the highest common factor of 16 and 5832624.
16
Calculate the highest common factor of 281819 and 164.
1
Calculate the highest common divisor of 361 and 8170342.
19
Calculate the highest common factor of 9363683 and 610.
61
Calculate the highest common divisor of 3 and 1657047.
3
Calculate the highest common factor of 7822878 and 84.
42
What is the greatest common factor of 38800845 and 40?
5
What is the highest common divisor of 140973 and 290668?
49
Calculate the greatest common factor of 6591 and 2725437.
39
Calculate the greatest common factor of 3647764 and 564.
188
What is the highest common factor of 18056656 and 5004?
556
What is the greatest common factor of 1989 and 14754096?
153
What is the greatest common factor of 1183 and 20545837?
169
Calculate the greatest common divisor of 8101 and 1361202929.
8101
Calculate the highest common divisor of 68 and 2196772.
4
Calculate the highest common factor of 2660 and 1012.
4
Calculate the highest common divisor of 65210 and 880.
10
What is the greatest common factor of 43563587 and 713?
713
Calculate the highest common divisor of 7767 and 40003502.
863
What is the highest common factor of 97 and 830599554?
97
Calculate the greatest common factor of 45 and 325359.
9
Calculate the highest common factor of 76 and 138821030.
38
Calculate the highest common factor of 191270 and 463760.
310
Calculate the highest common divisor of 161280 and 970240.
2560
What is the greatest common factor of 40 and 64725120?
40
Calculate the greatest common factor of 672 and 14982135.
21
Calculate the highest common factor of 69223 and 31755.
29
Calculate the highest common divisor of 5967 and 194994.
27
What is the greatest common factor of 4537736 and 448?
56
What is the highest common divisor of 4061 and 381703?
31
What is the greatest common factor of 258 and 332562?
258
Calculate the highest common divisor of 207750494 and 581.
581
What is the greatest common divisor of 222 and 1314054?
6
What is the highest common divisor of 17288 and 11456?
8
Calculate the greatest common divisor of 42 and 4425022.
14
What is the highest common divisor of 4031723 and 43?
43
Calculate the highest common divisor of 26724 and 774724.
68
Calculate the highest common factor of 37416191 and 11277.
179
Calculate the greatest common factor of 27 and 1445519223.
27
What is the highest common factor of 2000 and 14104800?
400
Calculate the greatest common factor of 1526 and 307707.
109
Calculate the greatest common divisor of 5312 and 13433052.
332
Calculate the greatest common factor of 1531978 and 8541.
73
What is the greatest common divisor of 4305166 and 8952?
746
What is the greatest common factor of 14 and 1944243?
7
Calculate the greatest common factor of 29747 and 65081.
151
What is the highest common factor of 43 and 307491624?
43
What is the greatest common divisor of 10262 and 84616?
14
Calculate the highest common divisor of 884 and 190820461.
221
What is the greatest common factor of 108 and 65636919?
27
Calculate the greatest common factor of 261 and 139437.
9
What is the highest common factor of 24 and 634751464?
8
Calculate the greatest common factor of 570 and 51863844.
114
Calculate the highest common factor of 7482 and 31638884.
2494
What is the highest common factor of 1472341 and 1924?
481
What is the highest common factor of 7 and 19090561?
7
Calculate the greatest common factor of 17598 and 151914.
42
Calculate the highest common factor of 126 and 64383921.
63
What is the greatest common divisor of 66 and 157194?
6
Calculate the greatest common divisor of 94461636 and 996.
996
What is the greatest common factor of 39736834 and 202?
202
Calculate the highest common factor of 7255 and 981800.
5
Calculate the greatest common factor of 55176407 and 221.
221
Calculate the highest common factor of 292655004 and 12.
12
What is the highest common factor of 598382190 and 1484?
742
Calculate the highest common divisor of 19243960 and 836.
76
What is the highest common factor of 446053962 and 6?
6
Calculate the greatest common divisor of 193260 and 980.
20
What is the highest common factor of 90 and 9938260?
10
Calculate the greatest common divisor of 41540 and 1507500.
1340
Calculate the highest common divisor of 684 and 2714150.
38
Calculate the greatest common factor of 431844 and 12243.
1113
What is the highest comm